test common divisor of 72738 and 11207938?
898
What is the highest common divisor of 17 and 169060903?
17
Calculate the highest common factor of 36 and 36976728.
12
Calculate the highest common factor of 1425 and 12597855.
285
Calculate the greatest common divisor of 14154 and 23898.
42
What is the highest common divisor of 1509030 and 485?
5
What is the greatest common factor of 10128 and 224220416?
3376
What is the highest common divisor of 8 and 8018220?
4
What is the greatest common divisor of 39975 and 761657?
533
Calculate the highest common factor of 6207454 and 440.
22
What is the highest common divisor of 212 and 162228124?
212
What is the greatest common factor of 506 and 1110384?
22
Calculate the highest common factor of 119 and 95952087.
7
Calculate the greatest common divisor of 497981250 and 1404.
702
What is the greatest common divisor of 3200 and 145995200?
1600
Calculate the highest common divisor of 75569598 and 4914.
702
What is the greatest common factor of 11508 and 86748?
12
What is the highest common divisor of 1024 and 3348952?
8
What is the highest common factor of 1050 and 541682925?
525
Calculate the highest common factor of 34666848 and 312.
24
Calculate the highest common divisor of 46150840 and 1480.
1480
What is the greatest common divisor of 4446 and 181744386?
114
What is the highest common divisor of 2451701 and 497?
497
Calculate the greatest common factor of 59440 and 3980.
20
Calculate the greatest common divisor of 132 and 2149680.
12
Calculate the highest common factor of 24713940 and 13850.
2770
What is the highest common divisor of 380 and 10358325?
95
Calculate the greatest common factor of 50166220 and 156.
52
Calculate the highest common factor of 584 and 603072.
8
What is the greatest common divisor of 153 and 103717?
17
What is the highest common divisor of 683620 and 22876?
532
What is the greatest common divisor of 232876 and 1148?
28
Calculate the highest common factor of 98805160 and 67990.
5230
Calculate the highest common factor of 160 and 1936224.
32
What is the greatest common divisor of 963807 and 6803679?
5703
Calculate the highest common factor of 30801230 and 10.
10
What is the greatest common divisor of 84 and 169044?
12
What is the greatest common factor of 8811 and 741103?
979
Calculate the greatest common divisor of 47273 and 37228.
41
What is the highest common divisor of 15585750 and 732?
6
Calculate the highest common factor of 1617457 and 5633.
131
What is the highest common divisor of 422094870 and 9?
9
What is the greatest common factor of 16 and 3998096?
16
What is the highest common factor of 126 and 12235566?
42
What is the highest common divisor of 128802170 and 140?
70
Calculate the highest common factor of 48 and 5230236.
12
Calculate the greatest common factor of 1869720 and 2440.
40
Calculate the greatest common divisor of 2639 and 3787342.
377
What is the greatest common factor of 10236 and 650916?
12
What is the highest common divisor of 90 and 818815?
5
Calculate the greatest common factor of 32 and 14134760.
8
What is the greatest common factor of 4862 and 4765332?
286
What is the greatest common divisor of 1196 and 25558?
26
Calculate the greatest common divisor of 2608136 and 1358.
194
Calculate the highest common factor of 74000 and 10539000.
1000
What is the highest common factor of 9920 and 94288360?
1240
Calculate the highest common divisor of 5198793 and 186.
93
Calculate the highest common factor of 2684110 and 16445.
715
What is the greatest common factor of 513151678 and 382?
382
Calculate the highest common factor of 90130317 and 3.
3
What is the highest common divisor of 1955210 and 65?
5
What is the highest common factor of 8556 and 48732?
372
What is the highest common divisor of 238 and 407616208?
34
What is the greatest common divisor of 1750847334 and 174?
174
What is the highest common factor of 7523713 and 1034?
47
Calculate the highest common divisor of 98573076 and 11214.
126
Calculate the highest common divisor of 259349123 and 17684.
4421
Calculate the highest common factor of 2597 and 648325097.
371
Calculate the greatest common factor of 115870929 and 51.
51
Calculate the highest common factor of 1181575524 and 8504.
4252
Calculate the greatest common divisor of 2179171587 and 129.
129
Calculate the greatest common divisor of 3816 and 5052702.
318
Calculate the greatest common factor of 11 and 623869741.
11
Calculate the greatest common factor of 72 and 7143651.
9
Calculate the highest common divisor of 229293 and 39420.
657
Calculate the highest common divisor of 25720 and 72872.
8
Calculate the greatest common divisor of 11494819 and 28.
7
What is the greatest common divisor of 187758 and 4667293?
1159
What is the greatest common divisor of 66600 and 31800?
600
What is the greatest common divisor of 6125 and 262689?
49
Calculate the highest common factor of 2156 and 125606404.
2156
Calculate the greatest common divisor of 274414 and 32368.
238
Calculate the greatest common divisor of 70638 and 14273508.
1158
What is the greatest common divisor of 672 and 45554530?
14
Calculate the greatest common factor of 4411628 and 44564.
52
What is the greatest common factor of 16380 and 97965?
315
What is the highest common factor of 13883832 and 37791?
2907
What is the greatest common divisor of 15407 and 27771443?
217
What is the highest common factor of 206750 and 2150?
50
What is the greatest common divisor of 4291040 and 13780?
260
What is the greatest common divisor of 2215 and 504199121?
443
Calculate the greatest common divisor of 1029715 and 5957278.
5023
Calculate the highest common factor of 65408 and 30800.
112
What is the greatest common divisor of 378440 and 1080?
40
Calculate the greatest common factor of 3029 and 18400278.
13
What is the highest common factor of 221851 and 42763?
287
Calculate the highest common factor of 3311448 and 678132.
1932
Calculate the greatest common factor of 86 and 9140897.
43
What is the greatest common factor of 298962 and 846?
18
What is the highest common factor of 836426272 and 11?
11
What is the highest common factor of 4721230 and 405?
5
What is the greatest common divisor of 851020 and 3468?
68
What is the highest common factor of 37525 and 745997?
1501
Calculate the highest common factor of 123186 and 1716225.
147
Calculate the highest common factor of 534436 and 7028.
28
Calculate the highest common factor of 1351512 and 136.
8
What is the highest common divisor of 29802190 and 1309?
187
Calculate the highest common factor of 2552 and 5165886.
638
Calculate the highest common divisor of 552708 and 7254.
234
Calculate the highest common divisor of 9104274 and 92.
46
What is the highest common divisor of 3838 and 811718?
38
Calculate the highest common factor of 30496 and 2078112.
32
What is the highest common divisor of 2260224 and 7412?
436
What is the greatest common factor of 1462641 and 48336?
159
Calculate the greatest common factor of 5030 and 8789925.
2515
Calculate the greatest common factor of 3965034 and 1254.
114
What is the highest common factor of 64 and 57356768?
32
What is the highest common factor of 138 and 553362?
6
Calculate the greatest common divisor of 3884016 and 5088.
48
Calculate the greatest common factor of 3760694 and 430.
86
Calculate the highest common divisor of 4 and 232818592.
4
What is the greatest common factor of 1717023 and 693?
231
Calculate the highest common factor of 659 and 156842.
659
What is the greatest common factor of 102970015 and 30085?
2735
What is the highest common divisor of 6103 and 1235125140?
6103
Calculate the highest common factor of 476 and 5044172.
476
What is the highest common divisor of 29136261 and 462?
231
Calculate the greatest common divisor of 3599552 and 704.
704
Calculate the highest common divisor of 34057507 and 251317.
8107
Calculate the highest common divisor of 26474088 and 36.
12
What is the highest common factor of 13046484 and 8844?
132
Calculate the greatest common divisor of 228627 and 8253.
63
Calculate the greatest common divisor of 294672 and 228669.
21
What is the greatest common divisor of 3596553 and 189?
9
Calculate the greatest common divisor of 505512 and 11403.
63
What is the greatest common divisor of 26